{"id":7,"date":"2021-02-08T18:29:24","date_gmt":"2021-02-08T17:29:24","guid":{"rendered":"https:\/\/editionsjourdenuit.fr\/?page_id=7"},"modified":"2022-02-21T10:47:20","modified_gmt":"2022-02-21T09:47:20","slug":"a-propos","status":"publish","type":"page","link":"https:\/\/jourdenuit.fr\/index.php\/a-propos\/","title":{"rendered":"Qui sommes-nous ?"},"content":{"rendered":"\n<p class=\"has-text-align-center marge-texte-presentation\">Nous sommes 2 photographes install\u00e9s dans les Pyr\u00e9n\u00e9es et \u00e0 Toulouse, Florian Calas et Matthieu Krieger.<br>En 2011, nous avons cr\u00e9\u00e9 les \u00c9ditions Jour de Nuit, en commen\u00e7ant par \u00e9diter nos propres images de notre belle R\u00e9gion Occitane.<\/p>\n\n\n\n<p class=\"has-text-align-center\">Nos galeries personnelles aux univers diff\u00e9rents sont disponibles ici :<\/p>\n\n\n\n<p class=\"has-text-align-center has-primary-color has-text-color\"><a class=\"lien-page\" href=\"https:\/\/500px.com\/matthieukrieger\"><strong>Matthieu Krieger<\/strong><\/a><\/p>\n\n\n\n<p class=\"has-text-align-center has-primary-color has-text-color\"><a href=\"https:\/\/www.instagram.com\/florian_calas\/?hl=fr\"><strong>Florian Calas<\/strong><\/a><\/p>\n","protected":false},"excerpt":{"rendered":"<p>Nous sommes 2 photographes install\u00e9s dans [&hellip;]<\/p>\n","protected":false},"author":1,"featured_media":0,"parent":0,"menu_order":0,"comment_status":"closed","ping_status":"closed","template":"","meta":{"_acf_changed":false,"footnotes":""},"class_list":["post-7","page","type-page","status-publish","hentry"],"acf":[],"jetpack_sharing_enabled":true,"_links":{"self":[{"href":"https:\/\/jourdenuit.fr\/index.php\/wp-json\/wp\/v2\/pages\/7","targetHints":{"allow":["GET"]}}],"collection":[{"href":"https:\/\/jourdenuit.fr\/index.php\/wp-json\/wp\/v2\/pages"}],"about":[{"href":"https:\/\/jourdenuit.fr\/index.php\/wp-json\/wp\/v2\/types\/page"}],"author":[{"embeddable":true,"href":"https:\/\/jourdenuit.fr\/index.php\/wp-json\/wp\/v2\/users\/1"}],"replies":[{"embeddable":true,"href":"https:\/\/jourdenuit.fr\/index.php\/wp-json\/wp\/v2\/comments?post=7"}],"version-history":[{"count":11,"href":"https:\/\/jourdenuit.fr\/index.php\/wp-json\/wp\/v2\/pages\/7\/revisions"}],"predecessor-version":[{"id":2085,"href":"https:\/\/jourdenuit.fr\/index.php\/wp-json\/wp\/v2\/pages\/7\/revisions\/2085"}],"wp:attachment":[{"href":"https:\/\/jourdenuit.fr\/index.php\/wp-json\/wp\/v2\/media?parent=7"}],"curies":[{"name":"wp","href":"https:\/\/api.w.org\/{rel}","templated":true}]}}

<p class="has-text-align-center marge-texte-presentation">Nous sommes 2 photographes installés dans les Pyrénées et à Toulouse, Florian Calas et Matthieu Krieger.<br>En 2011, nous avons créé les Éditions Jour de Nuit, en commençant par éditer nos propres images de notre belle Région Occitane.</p>



<p class="has-text-align-center">Nos galeries personnelles aux univers différents sont disponibles ici :</p>



<p class="has-text-align-center has-primary-color has-text-color"><a class="lien-page" href="https://500px.com/matthieukrieger"><strong>Matthieu Krieger</strong></a></p>



<p class="has-text-align-center has-primary-color has-text-color"><a href="https://www.instagram.com/florian_calas/?hl=fr"><strong>Florian Calas</strong></a></p>

<p>Nous sommes 2 photographes installés dans [&hellip;]</p>
